{"id":9,"date":"2024-02-08T15:55:41","date_gmt":"2024-02-08T14:55:41","guid":{"rendered":"https:\/\/7465.peda.univ-lille.fr\/projetslicenceSID\/?page_id=9"},"modified":"2025-05-07T14:27:35","modified_gmt":"2025-05-07T12:27:35","slug":"presentation","status":"publish","type":"page","link":"https:\/\/7465.peda.univ-lille.fr\/projetslicenceSID\/?page_id=9","title":{"rendered":"Pr\u00e9sentation de l&rsquo;enseignement"},"content":{"rendered":"\n<p class=\"has-medium-font-size\">Les cours de projets web<mark style=\"background-color:rgba(0, 0, 0, 0)\" class=\"has-inline-color has-white-color\"><\/mark><\/p>\n\n\n\n<p class=\"has-text-align-left\">Dans le cadre de l&rsquo;unit\u00e9 d&rsquo;enseignement \u00ab\u00a0<em>Outils pour la conception de portails web<\/em>\u00a0\u00bb de la licence 3 mention Sciences de l&rsquo;Information et du Document, les \u00e9tudiants con\u00e7oivent et r\u00e9alisent un portail Web \u00e0 la demande d&rsquo;un commanditaire r\u00e9el. La solution de gestion de contenus utilis\u00e9e pour r\u00e9aliser le portail est WordPress. L&rsquo;installation et le suivi des projets est r\u00e9alis\u00e9 en collaboration avec la direction des syst\u00e8mes d&rsquo;information de l&rsquo;Universit\u00e9 de Lille. <\/p>\n\n\n\n<p>Ce cours est une mise en pratique des notions abord\u00e9es dans le cadre de l&rsquo;UE \u00ab\u00a0projets tutor\u00e9s\u00a0\u00bb dans laquelle les \u00e9tudiants apprennent la gestion de projets. Sur la base du cahier des charges \u00e9tabli, les \u00e9tudiants terminent ainsi la pr\u00e9paration du projet et le r\u00e9alisent. Les cours prennent alors la forme d\u2019ateliers pratiques de suivi jusqu\u2019\u00e0 la r\u00e9alisation compl\u00e8te, la mise en ligne et la pr\u00e9sentation du projet.<\/p>\n\n\n\n<div class=\"wp-block-columns is-layout-flex wp-container-core-columns-is-layout-9d6595d7 wp-block-columns-is-layout-flex\">\n<div class=\"wp-block-column has-small-font-size is-layout-flow wp-block-column-is-layout-flow\" style=\"flex-basis:100%\">\n<div class=\"wp-block-group\"><div class=\"wp-block-group__inner-container is-layout-constrained wp-block-group-is-layout-constrained\">\n<figure class=\"wp-block-gallery aligncenter has-nested-images columns-default is-cropped wp-block-gallery-1 is-layout-flex wp-block-gallery-is-layout-flex\">\n<figure class=\"wp-block-image size-large\"><img loading=\"lazy\" decoding=\"async\" width=\"1024\" height=\"683\" data-id=\"54\" src=\"https:\/\/7465.peda.univ-lille.fr\/projetslicenceSID\/wp-content\/uploads\/2024\/02\/kenny-eliason-1-aA2Fadydc-unsplash-1024x683.jpg\" alt=\"\" class=\"wp-image-54\" srcset=\"https:\/\/7465.peda.univ-lille.fr\/projetslicenceSID\/wp-content\/uploads\/2024\/02\/kenny-eliason-1-aA2Fadydc-unsplash-1024x683.jpg 1024w, https:\/\/7465.peda.univ-lille.fr\/projetslicenceSID\/wp-content\/uploads\/2024\/02\/kenny-eliason-1-aA2Fadydc-unsplash-300x200.jpg 300w, https:\/\/7465.peda.univ-lille.fr\/projetslicenceSID\/wp-content\/uploads\/2024\/02\/kenny-eliason-1-aA2Fadydc-unsplash-768x512.jpg 768w, https:\/\/7465.peda.univ-lille.fr\/projetslicenceSID\/wp-content\/uploads\/2024\/02\/kenny-eliason-1-aA2Fadydc-unsplash-1536x1024.jpg 1536w, https:\/\/7465.peda.univ-lille.fr\/projetslicenceSID\/wp-content\/uploads\/2024\/02\/kenny-eliason-1-aA2Fadydc-unsplash-2048x1365.jpg 2048w\" sizes=\"auto, (max-width: 1024px) 100vw, 1024px\" \/><\/figure>\n\n\n\n<figure class=\"wp-block-image size-large\"><img loading=\"lazy\" decoding=\"async\" width=\"1024\" height=\"683\" data-id=\"52\" src=\"https:\/\/7465.peda.univ-lille.fr\/projetslicenceSID\/wp-content\/uploads\/2024\/02\/med-badr-chemmaoui-ZSPBhokqDMc-unsplash-1024x683.jpg\" alt=\"\" class=\"wp-image-52\" srcset=\"https:\/\/7465.peda.univ-lille.fr\/projetslicenceSID\/wp-content\/uploads\/2024\/02\/med-badr-chemmaoui-ZSPBhokqDMc-unsplash-1024x683.jpg 1024w, https:\/\/7465.peda.univ-lille.fr\/projetslicenceSID\/wp-content\/uploads\/2024\/02\/med-badr-chemmaoui-ZSPBhokqDMc-unsplash-300x200.jpg 300w, https:\/\/7465.peda.univ-lille.fr\/projetslicenceSID\/wp-content\/uploads\/2024\/02\/med-badr-chemmaoui-ZSPBhokqDMc-unsplash-768x512.jpg 768w, https:\/\/7465.peda.univ-lille.fr\/projetslicenceSID\/wp-content\/uploads\/2024\/02\/med-badr-chemmaoui-ZSPBhokqDMc-unsplash-1536x1024.jpg 1536w, https:\/\/7465.peda.univ-lille.fr\/projetslicenceSID\/wp-content\/uploads\/2024\/02\/med-badr-chemmaoui-ZSPBhokqDMc-unsplash-2048x1365.jpg 2048w\" sizes=\"auto, (max-width: 1024px) 100vw, 1024px\" \/><\/figure>\n\n\n\n<figure class=\"wp-block-image size-large\"><img loading=\"lazy\" decoding=\"async\" width=\"1024\" height=\"683\" data-id=\"53\" src=\"https:\/\/7465.peda.univ-lille.fr\/projetslicenceSID\/wp-content\/uploads\/2024\/02\/marvin-meyer-SYTO3xs06fU-unsplash-1024x683.jpg\" alt=\"\" class=\"wp-image-53\" srcset=\"https:\/\/7465.peda.univ-lille.fr\/projetslicenceSID\/wp-content\/uploads\/2024\/02\/marvin-meyer-SYTO3xs06fU-unsplash-1024x683.jpg 1024w, https:\/\/7465.peda.univ-lille.fr\/projetslicenceSID\/wp-content\/uploads\/2024\/02\/marvin-meyer-SYTO3xs06fU-unsplash-300x200.jpg 300w, https:\/\/7465.peda.univ-lille.fr\/projetslicenceSID\/wp-content\/uploads\/2024\/02\/marvin-meyer-SYTO3xs06fU-unsplash-768x512.jpg 768w, https:\/\/7465.peda.univ-lille.fr\/projetslicenceSID\/wp-content\/uploads\/2024\/02\/marvin-meyer-SYTO3xs06fU-unsplash-1536x1024.jpg 1536w, https:\/\/7465.peda.univ-lille.fr\/projetslicenceSID\/wp-content\/uploads\/2024\/02\/marvin-meyer-SYTO3xs06fU-unsplash-2048x1365.jpg 2048w\" sizes=\"auto, (max-width: 1024px) 100vw, 1024px\" \/><\/figure>\n<\/figure>\n<\/div><\/div>\n<\/div>\n<\/div>\n\n\n\n<p class=\"has-medium-font-size\">L&rsquo;\u00e9quipe projet :<\/p>\n\n\n\n<div class=\"wp-block-group\"><div class=\"wp-block-group__inner-container is-layout-constrained wp-block-group-is-layout-constrained\">\n<ul class=\"wp-block-list\">\n<li><a href=\"https:\/\/www.linkedin.com\/in\/ammardiallo\/\" data-type=\"link\" data-id=\"https:\/\/www.linkedin.com\/in\/ammardiallo\/\">Ammar Diallo<\/a>, master mention Information &#8211; Documentation, promotion 2021-2023,<\/li>\n\n\n\n<li><a href=\"http:\/\/www.linkedin.com\/in\/eleonore-buffet-besnehard\" data-type=\"link\" data-id=\"www.linkedin.com\/in\/eleonore-buffet-besnehard\">El\u00e9onore Besnehard<\/a>, master mention Information &#8211; Documentation, promotion 2022-2024,<\/li>\n\n\n\n<li><a href=\"https:\/\/www.linkedin.com\/in\/in%C3%A8s-brun-6757bb351\/\" data-type=\"link\" data-id=\"https:\/\/www.linkedin.com\/in\/in%C3%A8s-brun-6757bb351\/\">In\u00e8s Brun<\/a>, master mention Information &#8211; Documentation, promotion 2024-2025,<\/li>\n\n\n\n<li><a href=\"https:\/\/pro.univ-lille.fr\/eric-kergosien\/\" data-type=\"link\" data-id=\"https:\/\/pro.univ-lille.fr\/eric-kergosien\/\">Eric Kergosien<\/a>, responsable de l\u2019enseignement, ma\u00eetre de conf\u00e9rences \u00e0 l&rsquo;Universit\u00e9 de Lille.<\/li>\n<\/ul>\n<\/div><\/div>\n\n\n\n<p><\/p>\n","protected":false},"excerpt":{"rendered":"<p>Les cours de projets web Dans le cadre de l&rsquo;unit\u00e9 d&rsquo;enseignement \u00ab\u00a0Outils pour la conception de portails web\u00a0\u00bb de la licence 3 mention Sciences de l&rsquo;Information et du Document, les \u00e9tudiants con\u00e7oivent et r\u00e9alisent un portail Web \u00e0 la demande d&rsquo;un commanditaire r\u00e9el. La solution de gestion de contenus utilis\u00e9e pour r\u00e9aliser le portail est&#8230;<\/p>\n","protected":false},"author":2,"featured_media":0,"parent":0,"menu_order":0,"comment_status":"closed","ping_status":"closed","template":"","meta":{"footnotes":""},"class_list":["post-9","page","type-page","status-publish","hentry"],"_links":{"self":[{"href":"https:\/\/7465.peda.univ-lille.fr\/projetslicenceSID\/index.php?rest_route=\/wp\/v2\/pages\/9","targetHints":{"allow":["GET"]}}],"collection":[{"href":"https:\/\/7465.peda.univ-lille.fr\/projetslicenceSID\/index.php?rest_route=\/wp\/v2\/pages"}],"about":[{"href":"https:\/\/7465.peda.univ-lille.fr\/projetslicenceSID\/index.php?rest_route=\/wp\/v2\/types\/page"}],"author":[{"embeddable":true,"href":"https:\/\/7465.peda.univ-lille.fr\/projetslicenceSID\/index.php?rest_route=\/wp\/v2\/users\/2"}],"replies":[{"embeddable":true,"href":"https:\/\/7465.peda.univ-lille.fr\/projetslicenceSID\/index.php?rest_route=%2Fwp%2Fv2%2Fcomments&post=9"}],"version-history":[{"count":35,"href":"https:\/\/7465.peda.univ-lille.fr\/projetslicenceSID\/index.php?rest_route=\/wp\/v2\/pages\/9\/revisions"}],"predecessor-version":[{"id":653,"href":"https:\/\/7465.peda.univ-lille.fr\/projetslicenceSID\/index.php?rest_route=\/wp\/v2\/pages\/9\/revisions\/653"}],"wp:attachment":[{"href":"https:\/\/7465.peda.univ-lille.fr\/projetslicenceSID\/index.php?rest_route=%2Fwp%2Fv2%2Fmedia&parent=9"}],"curies":[{"name":"wp","href":"https:\/\/api.w.org\/{rel}","templated":true}]}}